nder when 6411441 is divided by 15085.
316
What is the remainder when 319139 is divided by 703?
680
Calculate the remainder when 344274 is divided by 57.
51
Calculate the remainder when 136560 is divided by 4552.
0
Calculate the remainder when 4064243 is divided by 162546.
593
Calculate the remainder when 231199967 is divided by 1001.
999
Calculate the remainder when 12081416 is divided by 1510175.
16
Calculate the remainder when 7015460 is divided by 1403079.
65
Calculate the remainder when 35393 is divided by 33818.
1575
Calculate the remainder when 1913047 is divided by 1913046.
1
Calculate the remainder when 79071 is divided by 599.
3
What is the remainder when 148010 is divided by 48446?
2672
What is the remainder when 85818 is divided by 930?
258
Calculate the remainder when 40142879 is divided by 18.
17
What is the remainder when 30626194 is divided by 20?
14
Calculate the remainder when 4193 is divided by 2081.
31
What is the remainder when 116062 is divided by 116036?
26
Calculate the remainder when 6224287 is divided by 1336.
1199
Calculate the remainder when 654135 is divided by 207.
15
What is the remainder when 172043 is divided by 42774?
947
What is the remainder when 455489 is divided by 10121?
44
Calculate the remainder when 131322 is divided by 10926.
210
Calculate the remainder when 11746435 is divided by 7779.
145
What is the remainder when 355054 is divided by 214?
28
What is the remainder when 1074946 is divided by 82685?
41
What is the remainder when 2357410 is divided by 2357406?
4
Calculate the remainder when 1139837 is divided by 260.
257
Calculate the remainder when 2738742 is divided by 4788.
6
What is the remainder when 7946693 is divided by 305641?
27
Calculate the remainder when 1198 is divided by 191.
52
Calculate the remainder when 2442226 is divided by 913.
864
Calculate the remainder when 31860 is divided by 10589.
93
What is the remainder when 198807764 is divided by 682?
672
What is the remainder when 15187160 is divided by 2484?
2468
Calculate the remainder when 3467828 is divided by 61923.
140
Calculate the remainder when 118867600 is divided by 35.
5
What is the remainder when 6625977 is divided by 95?
12
What is the remainder when 592609 is divided by 1162?
1151
What is the remainder when 2307050 is divided by 315?
305
Calculate the remainder when 123754173 is divided by 1728.
1725
Calculate the remainder when 219018 is divided by 54743.
46
What is the remainder when 443344 is divided by 3993?
121
What is the remainder when 90605101 is divided by 3527?
3525
What is the remainder when 47652 is divided by 7896?
276
Calculate the remainder when 3867871 is divided by 1289285.
16
Calculate the remainder when 881409 is divided by 8902.
111
Calculate the remainder when 23519344 is divided by 86.
64
Calculate the remainder when 1742093 is divided by 18146.
77
Calculate the remainder when 9890 is divided by 877.
243
What is the remainder when 454140 is divided by 1550?
1540
Calculate the remainder when 9204695 is divided by 242227.
69
Calculate the remainder when 30678 is divided by 30311.
367
What is the remainder when 30543353 is divided by 782?
779
What is the remainder when 24214770 is divided by 72717?
9
Calculate the remainder when 1051534 is divided by 1051490.
44
What is the remainder when 2690459 is divided by 112?
107
What is the remainder when 3201645 is divided by 467?
360
What is the remainder when 21604819 is divided by 115?
114
Calculate the remainder when 21060582 is divided by 213.
207
Calculate the remainder when 11623091 is divided by 20.
11
What is the remainder when 79214 is divided by 448?
366
What is the remainder when 96019321 is divided by 35?
6
What is the remainder when 7937272 is divided by 881901?
163
Calculate the remainder when 2526763 is divided by 1091.
7
Calculate the remainder when 2442728 is divided by 8980.
168
Calculate the remainder when 972976 is divided by 324052.
820
What is the remainder when 418951 is divided by 137?
5
What is the remainder when 8330417 is divided by 495?
62
Calculate the remainder when 22072 is divided by 3564.
688
Calculate the remainder when 3686692 is divided by 1228888.
28
Calculate the remainder when 15399667 is divided by 119.
115
What is the remainder when 421675 is divided by 697?
687
Calculate the remainder when 3912474 is divided by 79.
78
Calculate the remainder when 955303 is divided by 94.
75
What is the remainder when 473043 is divided by 9282?
8943
What is the remainder when 1935835 is divided by 1635?
1630
Calculate the remainder when 231935 is divided by 231924.
11
What is the remainder when 254255708 is divided by 63563924?
12
Calculate the remainder when 2075339 is divided by 233.
8
What is the remainder when 69652 is divided by 17364?
196
Calculate the remainder when 26359457 is divided by 3765636.
5
Calculate the remainder when 476876 is divided by 945.
596
Calculate the remainder when 2197412 is divided by 133.
119
Calculate the remainder when 7550011 is divided by 1509994.
41
What is the remainder when 115984 is divided by 6442?
28
Calculate the remainder when 2259485 is divided by 392.
389
Calculate the remainder when 770487 is divided by 1721.
1200
Calculate the remainder when 1304390 is divided by 5017.
4987
What is the remainder when 699013 is divided by 3778?
83
What is the remainder when 2471349 is divided by 160?
149
Calculate the remainder when 8336 is divided by 756.
20
What is the remainder when 2561949 is divided by 126?
117
Calculate the remainder when 17129659 is divided by 2452.
2439
Calculate the remainder when 1569062 is divided by 545.
7
What is the remainder when 355796957 is divided by 59?
53
What is the remainder when 221010 is divided by 215?
205
What is the remainder when 49297 is divided by 1473?
688
Calculate the remainder when 7804008 is divided by 1465.
1418
What is the remainder when 80027 is divided by 8277?
5534
Calculate the remainder when 113121402 is divided by 190120.
2
Calculate the remainder when 2663908 is divided by 1355.
1333
Calculate the remainder when 664526 is divided by 21429.
227
Calculate the remainder when 463419 is divided by 4173.
216
What is the remainder when 130830 is divided by 15663?
5526
What is the remainder when 2347449 is divided by 556?
17
What is the remainder when 542763 is divided by 2145?
78
What is the remainder when 20138637 is divided by 234170?
17
What is the remainder when 2245666 is divided by 653?
652
Calculate the remainder when 2068522720 is divided by 411.
409
Calculate the remainder when 4044 is divided by 766.
214
What is the remainder when 1338625 is divided by 690?
25
What is the remainder when 3111813 is divided by 160?
133
Calculate the remainder when 1865920 is divided by 4030.
30
What is the remainder when 35481456 is divided by 557?
556
Calculate the remainder when 72978 is divided by 53.
50
Calculate the remainder when 150942708 is divided by 9510.
9498
What is the remainder when 5440361 is divided by 2727?
2723
Calculate the remainder when 2714662 is divided by 477.
55
What is the remainder when 27273809 is divided by 6463?
6412
What is the remainder when 1134400 is divided by 23?
17
Calculate the remainder when 779475566 is divided by 109.
107
What is the remainder when 198011303 is divided by 1566?
1565
What is the remainder when 2554595 is divided by 383?
368
Calculate the remainder when 3699753 is divided by 228.
225
Calculate the remainder when 4885252 is divided by 974.
642
Calculate the remainder when 3518038 is divided by 87.
19
Calculate the remainder when 2185899 is divided by 38.
25
Calculate the remainder when 8071281 is divided by 576520.
1
What is the remainder when 11504 is divided by 4949?
1606
Calculate the remainder when 46904 is divided by 46328.
576
Calculate the remainder when 131687 is divided by 571.
357
Calculate the remainder when 19894834 is divided by 9947415.
4
Calculate the remainder when 119549064 is divided by 903.
894
What is the remainder when 434773 is divided by 434748?
25
What is the remainder when 50770 is divided by 1291?
421
What is the remainder when 2135605 is divided by 427115?
30
Calculate the remainder when 10191947 is divided by 573.
569
Calculate the remainder when 146840 is divided by 146678.
162
